Let q be w(-1). What is the highest common factor of q and i?
2
Let x = 157 + -67. Let u = 2 + -2. Suppose -6*b + x = -u*b. Calculate the highest common divisor of b and 15.
15
Suppose 29*p - 36*p = -182. Calculate the highest common divisor of 91 and p.
13
Let d(l) = l**3 + 8*l**2 - 27*l - 22. Let z be d(-10). Calculate the highest common divisor of z and 24.
24
Let a = 486 - 262. Calculate the greatest common divisor of a and 28.
28
Suppose -a - 213 = -5*m - 2*a, -2*m = a - 84. Let n(y) = 26*y - 10. Let x be n(7). What is the highest common factor of x and m?
43
Let q(g) = g**2 - 12*g - 18. Let y be q(-12). Suppose -19*p + 22*p - y = 0. What is the highest common factor of p and 10?
10
Suppose -55 = -a - 4*a. Let b(o) = -o**2 + 29*o - 80. Let y be b(19). Calculate the highest common factor of a and y.
11
Let z(y) = -5*y + 243. Let m be z(-6). What is the highest common divisor of 26 and m?
13
Suppose 2*u = 4*z - 14, 4*u = -5*z + 25 + 12. What is the greatest common factor of z and 235?
5
Suppose o = -3*m + 4*o + 9, -5*m - 2*o = -15. Let c be 9112/119 - -1*m/7. What is the highest common factor of 11 and c?
11
Let u = -33 - -70. Suppose 0 = 2*b - u + 3. Suppose 6*f - 408 = 3*f. What is the greatest common factor of f and b?
17
Let r be ((-6)/(-21))/((-3)/(-21)). Let j = 28 - 14. Suppose 0 = -2*s + 3*n - 0*n + j, -5*n - 19 = s. Calculate the greatest common divisor of s and r.
1
Let l be (-44)/(-2) + (85 - 89). What is the greatest common divisor of l and 8?
2
Suppose -473 = -9*s + 112. What is the highest common factor of s and 52?
13
Let d be ((-42)/(-70))/(2/40). Suppose -11*u = -d*u + 13. Calculate the highest common divisor of u and 104.
13
Suppose 7*z + 18 = -24. Let a(q) = -13*q + 36. Let p be a(z). What is the greatest common factor of 57 and p?
57
Let c = 14 - -33. Calculate the highest common divisor of c and 2021.
47
Suppose -1 = -5*a - 2*v + 16, 5*a + v - 21 = 0. Suppose -28 = -d - 5*w + 26, 0 = d - 3*w - 14. Let y = 64 - d. What is the greatest common factor of y and a?
5
Let o(p) = 4*p - 22. Let m be o(6). Suppose -h - 11 = -q - 28, m*q - 26 = -h. What is the highest common divisor of 140 and h?
20
Suppose 2*t = -2*r + 1646, -7*t = -6*t + 5. What is the greatest common divisor of r and 36?
36
Let p(o) = -14*o + 18. Suppose 6*u - 12 = 10*u. Let t be p(u). What is the highest common factor of t and 24?
12
Suppose -129 + 49 = 5*b. Let y be (19 - -1)*(-4)/b. What is the greatest common factor of y and 5?
5
Let w = 759 + -534. Suppose 5*t - 165 = w. Calculate the highest common factor of t and 13.
13
Suppose 4*t = 2*x - 448, -4*x = -2*t - 1133 + 207. What is the highest common divisor of 26 and x?
26
Suppose -4*w + 1433 = 313. Calculate the highest common factor of 175 and w.
35
Let g(q) = -3*q**2 + 4*q - 15. Let k(j) = 16*j**2 - 19*j + 76. Let u(s) = -22*g(s) - 4*k(s). Let r be u(4). Calculate the highest common divisor of 160 and r.
10
Let d be ((-2109)/12)/(-19) + (-1)/4. What is the greatest common factor of 144 and d?
9
Suppose -13*f = -4*f - 396. What is the greatest common divisor of 121 and f?
11
Let i(j) = 33*j**2 - j + 2. Let c be i(-2). Let r be 3/((-532)/c - -4). What is the greatest common divisor of 17 and r?
17
Let b = -21 + 24. Suppose 4*z = 7*z - b*i - 12, 0 = 2*i - 8. Calculate the greatest common factor of 64 and z.
8
Suppose 7*x + x = 80. Suppose 0 = -3*l + 5*l - x, 2*l = 3*i - 38. Calculate the greatest common divisor of i and 4.
4
Let n be (-10)/(-20) + (1 - (-51)/(-2)). Let q = 72 + n. Calculate the greatest common divisor of q and 12.
12
Suppose 6*b = 18*b - 384. What is the greatest common factor of b and 200?
8
Let k(z) = z**2 - 15*z + 41. Let d be k(12). Suppose -3*g - 108 = -5*g - 2*q, d*g - 274 = -4*q. Calculate the highest common divisor of g and 580.
58
Let g = 887 + -866. Calculate the highest common divisor of g and 2079.
21
Suppose m = 4*w + 186, 2*m - 344 = w - 0*w. Let p be (12/(-5))/(-3)*m. Calculate the greatest common factor of p and 17.
17
Let f = -30 - -30. Suppose 73 = 5*h - l, f = 5*h - 2*h - 4*l - 54. Calculate the greatest common factor of h and 70.
14
Let h(c) = -c**2 + 13*c - 6. Let s be h(12). Let b be -3*32/9*(-27)/s. Calculate the greatest common factor of b and 32.
16
Let m = 55 - 44. Let j(y) = 2*y + 23. Let d be j(m). Calculate the highest common divisor of d and 18.
9
Suppose -11*a + 308 = -0*a. Calculate the highest common factor of a and 4.
4
Suppose -c = -5*l + 197, -21 = -3*l + 5*c + 84. Let z = 29 + -21. Calculate the highest common divisor of l and z.
8
Suppose -5*f - 14 - 7 = -2*s, 2*f + 6 = 0. Let a = -202 + 223. Calculate the highest common factor of a and s.
3
Let h = 84 + -80. Suppose -2*d = 2*x + 2, 3*x + d - h = -3. What is the greatest common factor of 9 and x?
1
Let w(b) = -10*b**3 + 9 - 7*b - b**2 + 11*b**3 - 3*b**2. Let p be w(6). Let h be (-2 - (-2 - p)) + -3. What is the greatest common factor of h and 4?
4
Suppose 0 = 2*s - z - 11, 3*z + 0*z = s - 18. Suppose -n = -5*g - 16, -s*g + 8 = 3*n + 2*g. What is the highest common factor of 48 and n?
6
Let c(p) = -10*p + 24. Let i be c(6). Let h = 60 + i. Calculate the highest common factor of h and 36.
12
Suppose -2023 = -11*k + 177. What is the highest common factor of 8 and k?
8
Let b be (-3 + 61/(-3))*24/(-28). Calculate the greatest common divisor of 28 and b.
4
Let s = -47 + 56. Suppose 4 = -l, -2*f - l + 21 = s. Calculate the highest common divisor of 16 and f.
8
Suppose 5 = 3*a + 5*z, 8 = -2*z - 2*z. Suppose f - 2*f - 5 = -2*d, 5*f = a*d. Let u be (-322)/(-8) - 3/12. Calculate the highest common factor of u and d.
5
Let m(g) = -g**2 + 3*g + 15. Let w be m(7). Let q = w + 2. Let t be (-225)/(-33) + (-2)/q. Calculate the greatest common factor of t and 7.
7
Suppose 0 = -2*k + 3*h + 614, 4*k - 946 = 5*h + 278. Suppose -82 = -2*g - 2*f + f, 2*f + 223 = 5*g. Calculate the highest common divisor of k and g.
43
Suppose 0*w - 628 = -2*w + f, 0 = 4*w + 5*f - 1256. Suppose -5*h + w = 74. Let j(r) = -2*r + 24. Let g be j(6). Calculate the greatest common factor of h and g.
12
Let w = -18 - -23. Let b = 1 + w. Calculate the highest common factor of b and 66.
6
Let d be (78/(-5))/((-2)/10). Suppose d = 4*n - 3*n + 3*o, -5*o - 10 = 0. Let q = -5 + 17. What is the highest common divisor of n and q?
12
Suppose 4*x + 3*u = -78, -2 = -3*u + 4. Let t = 34 + x. Calculate the greatest common divisor of t and 26.
13
Let f be 128/24*102/8. Calculate the greatest common factor of f and 16.
4
Let d be (3 - 4)/(15/8 + -2). Suppose -d*v + 28 = -12. Calculate the highest common factor of v and 50.
5
Let i = -223 - -265. Suppose 0*y = -2*q + 3*y - 1, -5*q + 45 = 2*y. What is the highest common factor of q and i?
7
Suppose -p - p = -3*o + 251, -154 = -2*o + 4*p. Suppose -78 = c - o. Calculate the highest common divisor of 15 and c.
3
Let n = -583 - -621. Calculate the highest common factor of n and 1786.
38
Suppose -26*x + 23*x + 502 = -5*i, 2*i = -x + 160. What is the greatest common factor of x and 779?
41
Suppose -34*u = -40*u + 396. Calculate the greatest common factor of 22 and u.
22
Let o(h) = -4*h + 42. Let p be o(9). Let l = -6 - -87. Let f = -15 + l. Calculate the greatest common factor of f and p.
6
Let h(q) = q**3 - 9*q**2 - 3*q + 31. Let m be h(9). Calculate the greatest common factor of m and 4.
4
Suppose 91 = -4*l - 353. Let d = l - -119. Let u(q) = -q**3 - 5*q**2 - 3*q - 7. Let o be u(-5). What is the greatest common divisor of o and d?
8
Let m be 26/143 - (3 + (-6222)/22). Calculate the highest common factor of m and 8.
8
Let f be (-1 - -6)*9/(-5). Let x = -7 - f. Suppose -3*j = j - x*n - 14, -2 = -4*j - 2*n. What is the highest common factor of 2 and j?
2
Suppose 5*n - 781 - 347 = 4*r, -4*r = n - 216. What is the greatest common factor of 252 and n?
28
Let p = 137 - 57. Suppose -40 = 4*h - 12. Let j(a) = -a + 3. Let l be j(h). What is the highest common factor of l and p?
10
Suppose o + 168 = 4*o. Let h be 4/(2/o - 0). Calculate the greatest common divisor of h and 16.
16
Let x be ((-3)/4 + 0)*-4. Let r be (-2)/3 - x/(27/(-2031)). What is the highest common divisor of r and 25?
25
Let t be (-9 - (-297)/21)*112. Calculate the highest common divisor of 18 and t.
18
Let o(n) = -n**2 + 15*n + 2. Let s be o(15). What is the 